[INFO] fetching crate zepter 0.6.0...
[INFO] checking zepter-0.6.0 against master#9610dfe5a9a731ced1ea4923ecbd0c57fe367898 for beta-170-4
[INFO] extracting crate zepter 0.6.0 into /workspace/builds/worker-7-tc1/source
[INFO] validating manifest of crates.io crate zepter 0.6.0 on toolchain 9610dfe5a9a731ced1ea4923ecbd0c57fe367898
[INFO] running `Command { std: CARGO_HOME="/workspace/cargo-home" RUSTUP_HOME="/workspace/rustup-home" "/workspace/cargo-home/bin/cargo" "+9610dfe5a9a731ced1ea4923ecbd0c57fe367898" "metadata" "--manifest-path" "Cargo.toml" "--no-deps", kill_on_drop: false }`
[INFO] removed /workspace/builds/worker-7-tc1/source/rust-toolchain.toml
[INFO] started tweaking crates.io crate zepter 0.6.0
[INFO] finished tweaking crates.io crate zepter 0.6.0
[INFO] tweaked toml for crates.io crate zepter 0.6.0 written to /workspace/builds/worker-7-tc1/source/Cargo.toml
[INFO] crate crates.io crate zepter 0.6.0 already has a lockfile, it will not be regenerated
[INFO] running `Command { std: CARGO_HOME="/workspace/cargo-home" RUSTUP_HOME="/workspace/rustup-home" "/workspace/cargo-home/bin/cargo" "+9610dfe5a9a731ced1ea4923ecbd0c57fe367898" "fetch" "--manifest-path" "Cargo.toml", kill_on_drop: false }`
[INFO] [stderr]     Updating crates.io index
[INFO] [stderr]  Downloading crates ...
[INFO] [stderr]   Downloaded version v3.0.0
[INFO] running `Command { std: "docker" "create" "-v" "/var/lib/crater-agent-workspace/builds/worker-7-tc1/target:/opt/rustwide/target:rw,Z" "-v" "/var/lib/crater-agent-workspace/builds/worker-7-tc1/source:/opt/rustwide/workdir:ro,Z" "-v" "/var/lib/crater-agent-workspace/cargo-home:/opt/rustwide/cargo-home:ro,Z" "-v" "/var/lib/crater-agent-workspace/rustup-home:/opt/rustwide/rustup-home:ro,Z" "-e" "SOURCE_DIR=/opt/rustwide/workdir" "-e" "CARGO_TARGET_DIR=/opt/rustwide/target" "-e" "CARGO_HOME=/opt/rustwide/cargo-home" "-e" "RUSTUP_HOME=/opt/rustwide/rustup-home" "-w" "/opt/rustwide/workdir" "-m" "1610612736" "--user" "0:0" "--network" "none" "ghcr.io/rust-lang/crates-build-env/linux@sha256:19e73879b68f455e41552ea35293514db52ea292d993f571636dbffedb77a1ee" "/opt/rustwide/cargo-home/bin/cargo" "+9610dfe5a9a731ced1ea4923ecbd0c57fe367898" "metadata" "--no-deps" "--format-version=1", kill_on_drop: false }`
[INFO] [stdout] 8b31374e9c4644203426e1732ae078d4720f76cd6d119f05140a20be183de2ea
[INFO] running `Command { std: "docker" "start" "-a" "8b31374e9c4644203426e1732ae078d4720f76cd6d119f05140a20be183de2ea", kill_on_drop: false }`
[INFO] running `Command { std: "docker" "inspect" "8b31374e9c4644203426e1732ae078d4720f76cd6d119f05140a20be183de2ea", kill_on_drop: false }`
[INFO] running `Command { std: "docker" "rm" "-f" "8b31374e9c4644203426e1732ae078d4720f76cd6d119f05140a20be183de2ea", kill_on_drop: false }`
[INFO] [stdout] 8b31374e9c4644203426e1732ae078d4720f76cd6d119f05140a20be183de2ea
[INFO] running `Command { std: "docker" "create" "-v" "/var/lib/crater-agent-workspace/builds/worker-7-tc1/target:/opt/rustwide/target:rw,Z" "-v" "/var/lib/crater-agent-workspace/builds/worker-7-tc1/source:/opt/rustwide/workdir:ro,Z" "-v" "/var/lib/crater-agent-workspace/cargo-home:/opt/rustwide/cargo-home:ro,Z" "-v" "/var/lib/crater-agent-workspace/rustup-home:/opt/rustwide/rustup-home:ro,Z" "-e" "SOURCE_DIR=/opt/rustwide/workdir" "-e" "CARGO_TARGET_DIR=/opt/rustwide/target" "-e" "CARGO_INCREMENTAL=0" "-e" "RUST_BACKTRACE=full" "-e" "RUSTFLAGS=--cap-lints=forbid" "-e" "RUSTDOCFLAGS=--cap-lints=forbid" "-e" "CARGO_HOME=/opt/rustwide/cargo-home" "-e" "RUSTUP_HOME=/opt/rustwide/rustup-home" "-w" "/opt/rustwide/workdir" "-m" "1610612736" "--user" "0:0" "--network" "none" "ghcr.io/rust-lang/crates-build-env/linux@sha256:19e73879b68f455e41552ea35293514db52ea292d993f571636dbffedb77a1ee" "/opt/rustwide/cargo-home/bin/cargo" "+9610dfe5a9a731ced1ea4923ecbd0c57fe367898" "check" "--frozen" "--all" "--all-targets" "--message-format=json", kill_on_drop: false }`
[INFO] [stdout] a62ada380c2e409ee6ac644d132e89bb40493e4340236f9050732baa6ce2f838
[INFO] running `Command { std: "docker" "start" "-a" "a62ada380c2e409ee6ac644d132e89bb40493e4340236f9050732baa6ce2f838", kill_on_drop: false }`
[INFO] [stderr]    Compiling libc v0.2.144
[INFO] [stderr]    Compiling proc-macro2 v1.0.58
[INFO] [stderr]    Compiling quote v1.0.27
[INFO] [stderr]     Checking cfg-if v1.0.0
[INFO] [stderr]     Checking bitflags v1.3.2
[INFO] [stderr]    Compiling serde v1.0.163
[INFO] [stderr]    Compiling memchr v2.5.0
[INFO] [stderr]    Compiling io-lifetimes v1.0.11
[INFO] [stderr]    Compiling rustix v0.37.19
[INFO] [stderr]     Checking scopeguard v1.1.0
[INFO] [stderr]     Checking linux-raw-sys v0.3.8
[INFO] [stderr]    Compiling log v0.4.17
[INFO] [stderr]    Compiling crossbeam-utils v0.8.15
[INFO] [stderr]    Compiling indexmap v1.9.3
[INFO] [stderr]    Compiling serde_json v1.0.96
[INFO] [stderr]     Checking ryu v1.0.13
[INFO] [stderr]     Checking anstyle v1.0.0
[INFO] [stderr]     Checking itoa v1.0.6
[INFO] [stderr]     Checking hashbrown v0.12.3
[INFO] [stderr]    Compiling futures-core v0.3.28
[INFO] [stderr]    Compiling memoffset v0.8.0
[INFO] [stderr]     Checking either v1.8.1
[INFO] [stderr]     Checking utf8parse v0.2.1
[INFO] [stderr]    Compiling futures-task v0.3.28
[INFO] [stderr]     Checking anstyle-parse v0.2.0
[INFO] [stderr]    Compiling futures-channel v0.3.28
[INFO] [stderr]    Compiling crossbeam-epoch v0.9.14
[INFO] [stderr]    Compiling slab v0.4.8
[INFO] [stderr]     Checking aho-corasick v1.0.1
[INFO] [stderr]     Checking colorchoice v1.0.0
[INFO] [stderr]    Compiling thiserror v1.0.40
[INFO] [stderr]     Checking futures-sink v0.3.28
[INFO] [stderr]     Checking anstyle-query v1.0.0
[INFO] [stderr]    Compiling camino v1.1.4
[INFO] [stderr]     Checking once_cell v1.17.1
[INFO] [stderr]    Compiling semver v1.0.17
[INFO] [stderr]    Compiling syn v2.0.16
[INFO] [stderr]     Checking regex-syntax v0.7.2
[INFO] [stderr]    Compiling futures-util v0.3.28
[INFO] [stderr]    Compiling parking_lot_core v0.9.7
[INFO] [stderr]    Compiling signal-hook v0.3.15
[INFO] [stderr]    Compiling lock_api v0.4.9
[INFO] [stderr]     Checking itertools v0.10.5
[INFO] [stderr]     Checking strsim v0.10.0
[INFO] [stderr]     Checking clap_lex v0.5.0
[INFO] [stderr]     Checking signal-hook-registry v1.4.1
[INFO] [stderr]     Checking pin-project-lite v0.2.9
[INFO] [stderr]     Checking smallvec v1.10.0
[INFO] [stderr]     Checking pin-utils v0.1.0
[INFO] [stderr]     Checking futures-io v0.3.28
[INFO] [stderr]    Compiling anyhow v1.0.71
[INFO] [stderr]    Compiling rayon-core v1.11.0
[INFO] [stderr]     Checking num_cpus v1.15.0
[INFO] [stderr]     Checking getrandom v0.2.9
[INFO] [stderr]     Checking mio v0.8.6
[INFO] [stderr]    Compiling num-traits v0.2.15
[INFO] [stderr]     Checking crossbeam-deque v0.8.3
[INFO] [stderr]    Compiling rstest_macros v0.16.0
[INFO] [stderr]     Checking regex v1.8.3
[INFO] [stderr]     Checking crossbeam-channel v0.5.8
[INFO] [stderr]     Checking plotters-backend v0.3.4
[INFO] [stderr]     Checking humantime v2.1.0
[INFO] [stderr]     Checking ciborium-io v0.2.1
[INFO] [stderr]     Checking os_str_bytes v6.5.0
[INFO] [stderr]     Checking toml_datetime v0.6.2
[INFO] [stderr]     Checking winnow v0.4.6
[INFO] [stderr]    Compiling doc-comment v0.3.3
[INFO] [stderr]     Checking termcolor v1.2.0
[INFO] [stderr]     Checking predicates-core v1.0.6
[INFO] [stderr]     Checking half v1.8.2
[INFO] [stderr]     Checking clap_lex v0.2.4
[INFO] [stderr]     Checking ciborium-ll v0.2.1
[INFO] [stderr]     Checking plotters-svg v0.3.3
[INFO] [stderr]     Checking parking_lot v0.12.1
[INFO] [stderr]     Checking signal-hook-mio v0.2.3
[INFO] [stderr]     Checking rand_core v0.6.4
[INFO] [stderr]    Compiling syn v1.0.109
[INFO] [stderr]     Checking same-file v1.0.6
[INFO] [stderr]     Checking difflib v0.4.0
[INFO] [stderr]     Checking cast v0.3.0
[INFO] [stderr]     Checking textwrap v0.16.0
[INFO] [stderr]     Checking termtree v0.4.1
[INFO] [stderr]     Checking regex-automata v0.1.10
[INFO] [stderr]     Checking ppv-lite86 v0.2.17
[INFO] [stderr]     Checking version v3.0.0
[INFO] [stderr]     Checking is-terminal v0.4.7
[INFO] [stderr]     Checking predicates-tree v1.0.9
[INFO] [stderr]     Checking anstream v0.3.2
[INFO] [stderr]     Checking env_logger v0.10.0
[INFO] [stderr]     Checking bstr v1.5.0
[INFO] [stderr]     Checking plotters v0.3.4
[INFO] [stderr]     Checking clap_builder v4.3.0
[INFO] [stderr]     Checking rand_chacha v0.3.1
[INFO] [stderr]     Checking clap v3.2.25
[INFO] [stderr]     Checking predicates v3.0.3
[INFO] [stderr]     Checking toml_edit v0.19.10
[INFO] [stderr]     Checking criterion-plot v0.5.0
[INFO] [stderr]     Checking walkdir v2.3.3
[INFO] [stderr]     Checking crossterm v0.26.1
[INFO] [stderr]     Checking rayon v1.7.0
[INFO] [stderr]     Checking wait-timeout v0.2.0
[INFO] [stderr]     Checking atty v0.2.14
[INFO] [stderr]     Checking anes v0.1.6
[INFO] [stderr]     Checking fastrand v1.9.0
[INFO] [stderr]     Checking lazy_static v1.4.0
[INFO] [stderr]     Checking yansi v0.5.1
[INFO] [stderr]     Checking diff v0.1.13
[INFO] [stderr]     Checking futures-timer v3.0.2
[INFO] [stderr]     Checking oorandom v11.1.3
[INFO] [stderr]     Checking unsafe-libyaml v0.2.8
[INFO] [stderr]     Checking pretty_assertions v1.3.0
[INFO] [stderr]     Checking tempfile v3.5.0
[INFO] [stderr]     Checking colour v0.7.0
[INFO] [stderr]     Checking assert_cmd v2.0.11
[INFO] [stderr]     Checking rand v0.8.5
[INFO] [stderr]     Checking glob v0.3.1
[INFO] [stderr]     Checking void v1.0.2
[INFO] [stderr]    Compiling serde_derive v1.0.163
[INFO] [stderr]    Compiling futures-macro v0.3.28
[INFO] [stderr]    Compiling thiserror-impl v1.0.40
[INFO] [stderr]    Compiling clap_derive v4.3.0
[INFO] [stderr]     Checking clap v4.3.0
[INFO] [stderr]     Checking futures-executor v0.3.28
[INFO] [stderr]     Checking futures v0.3.28
[INFO] [stderr]     Checking rstest v0.16.0
[INFO] [stderr]     Checking cargo-platform v0.1.2
[INFO] [stderr]     Checking bincode v1.3.3
[INFO] [stderr]     Checking ciborium v0.2.1
[INFO] [stderr]     Checking serde_yaml v0.9.21
[INFO] [stderr]     Checking cargo_metadata v0.15.4
[INFO] [stderr]     Checking tinytemplate v1.2.1
[INFO] [stderr]     Checking criterion v0.4.0
[INFO] [stderr]     Checking zepter v0.6.0 (/opt/rustwide/workdir)
[INFO] [stdout] error[E0432]: unresolved import `zepter::mock`
[INFO] [stdout]   --> tests/integration.rs:10:13
[INFO] [stdout]    |
[INFO] [stdout] 10 | use zepter::mock::*;
[INFO] [stdout]    |             ^^^^ could not find `mock` in `zepter`
[INFO] [stdout] 
[INFO] [stdout] 
[INFO] [stdout] error[E0432]: unresolved import `zepter::mock`
[INFO] [stdout]   --> tests/ui.rs:11:13
[INFO] [stdout]    |
[INFO] [stdout] 11 | use zepter::mock::*;
[INFO] [stdout]    |             ^^^^ could not find `mock` in `zepter`
[INFO] [stdout] 
[INFO] [stdout] 
[INFO] [stdout] error[E0412]: cannot find type `Case` in this scope
[INFO] [stdout]    --> tests/ui.rs:205:17
[INFO] [stdout]     |
[INFO] [stdout] 205 |     pub cases: Vec<Case>,
[INFO] [stdout]     |                    ^^^^ not found in this scope
[INFO] [stdout]     |
[INFO] [stdout] help: you might be missing a type parameter
[INFO] [stdout]     |
[INFO] [stdout] 203 | pub struct CaseFile<Case> {
[INFO] [stdout]     |                    ++++++
[INFO] [stdout] 
[INFO] [stdout] 
[INFO] [stdout] error[E0412]: cannot find type `Case` in this scope
[INFO] [stdout]    --> tests/ui.rs:205:17
[INFO] [stdout]     |
[INFO] [stdout] 205 |     pub cases: Vec<Case>,
[INFO] [stdout]     |                    ^^^^ not found in this scope
[INFO] [stdout] 
[INFO] [stdout] 
[INFO] [stdout] error[E0412]: cannot find type `Case` in this scope
[INFO] [stdout]   --> tests/integration.rs:25:17
[INFO] [stdout]    |
[INFO] [stdout] 25 |     pub cases: Vec<Case>,
[INFO] [stdout]    |                    ^^^^ not found in this scope
[INFO] [stdout]    |
[INFO] [stdout] help: you might be missing a type parameter
[INFO] [stdout]    |
[INFO] [stdout] 23 | pub struct CaseFile<Case> {
[INFO] [stdout]    |                    ++++++
[INFO] [stdout] 
[INFO] [stdout] 
[INFO] [stdout] error[E0412]: cannot find type `Case` in this scope
[INFO] [stdout]   --> tests/integration.rs:25:17
[INFO] [stdout]    |
[INFO] [stdout] 25 |     pub cases: Vec<Case>,
[INFO] [stdout]    |                    ^^^^ not found in this scope
[INFO] [stdout] 
[INFO] [stdout] 
[INFO] [stdout] error[E0425]: cannot find function `normalize` in this scope
[INFO] [stdout]    --> tests/ui.rs:133:8
[INFO] [stdout]     |
[INFO] [stdout] 133 |                         &normalize(&case.stdout)
[INFO] [stdout]     |                          ^^^^^^^^^ not found in this scope
[INFO] [stdout] 
[INFO] [stdout] 
[INFO] [stdout] error[E0425]: cannot find function `normalize` in this scope
[INFO] [stdout]   --> tests/integration.rs:86:8
[INFO] [stdout]    |
[INFO] [stdout] 86 |                         &normalize(&case.stdout)
[INFO] [stdout]    |                          ^^^^^^^^^ not found in this scope
[INFO] [stdout] 
[INFO] [stdout] 
[INFO] [stdout] error[E0425]: cannot find function `git_diff` in this scope
[INFO] [stdout]    --> tests/ui.rs:144:14
[INFO] [stdout]     |
[INFO] [stdout] 144 |             let got = git_diff(&workspace.root.path()).unwrap();
[INFO] [stdout]     |                       ^^^^^^^^ not found in this scope
[INFO] [stdout] 
[INFO] [stdout] 
[INFO] [stdout] error[E0425]: cannot find function `git_reset` in this scope
[INFO] [stdout]    --> tests/ui.rs:159:4
[INFO] [stdout]     |
[INFO] [stdout] 159 |             git_reset(&workspace.root.path()).unwrap();
[INFO] [stdout]     |             ^^^^^^^^^ not found in this scope
[INFO] [stdout] 
[INFO] [stdout] 
[INFO] [stdout] error[E0425]: cannot find function `git_init` in this scope
[INFO] [stdout]    --> tests/ui.rs:197:3
[INFO] [stdout]     |
[INFO] [stdout] 197 |         git_init(&ctx.root.path()).unwrap();
[INFO] [stdout]     |         ^^^^^^^^ not found in this scope
[INFO] [stdout] 
[INFO] [stdout] 
[INFO] [stdout] error: aborting due to 4 previous errors
[INFO] [stdout] 
[INFO] [stdout] 
[INFO] [stdout] Some errors have detailed explanations: E0412, E0425, E0432.
[INFO] [stdout] 
[INFO] [stdout] For more information about an error, try `rustc --explain E0412`.
[INFO] [stdout] 
[INFO] [stderr] error: could not compile `zepter` (test "integration") due to 5 previous errors
[INFO] [stderr] warning: build failed, waiting for other jobs to finish...
[INFO] [stdout] error: aborting due to 7 previous errors
[INFO] [stdout] 
[INFO] [stdout] 
[INFO] [stdout] Some errors have detailed explanations: E0412, E0425, E0432.
[INFO] [stdout] 
[INFO] [stdout] For more information about an error, try `rustc --explain E0412`.
[INFO] [stdout] 
[INFO] [stderr] error: could not compile `zepter` (test "ui") due to 8 previous errors
[INFO] running `Command { std: "docker" "inspect" "a62ada380c2e409ee6ac644d132e89bb40493e4340236f9050732baa6ce2f838", kill_on_drop: false }`
[INFO] running `Command { std: "docker" "rm" "-f" "a62ada380c2e409ee6ac644d132e89bb40493e4340236f9050732baa6ce2f838", kill_on_drop: false }`
[INFO] [stdout] a62ada380c2e409ee6ac644d132e89bb40493e4340236f9050732baa6ce2f838
